{"id":2413,"date":"2022-05-19T16:48:26","date_gmt":"2022-05-19T14:48:26","guid":{"rendered":"http:\/\/www.espace-pergolas.com\/?page_id=2413"},"modified":"2022-05-25T14:58:39","modified_gmt":"2022-05-25T12:58:39","slug":"pergola-carport","status":"publish","type":"page","link":"https:\/\/www.espace-pergolas.com\/index.php\/pergola-carport\/","title":{"rendered":"Pergola carport"},"content":{"rendered":"\t\t<div data-elementor-type=\"wp-page\" data-elementor-id=\"2413\" class=\"elementor elementor-2413\">\n\t\t\t\t\t\t\t\t\t<section class=\"elementor-section elementor-top-section elementor-element elementor-element-41abf4e9 elementor-section-height-min-height elementor-section-boxed elementor-section-height-default elementor-section-items-middle\" data-id=\"41abf4e9\" data-element_type=\"section\" data-settings=\"{&quot;background_background&quot;:&quot;classic&quot;}\">\n\t\t\t\t\t\t<div class=\"elementor-container elementor-column-gap-default\">\n\t\t\t\t\t<div class=\"elementor-column elementor-col-100 elementor-top-column elementor-element elementor-element-37e12286\" data-id=\"37e12286\" data-element_type=\"column\">\n\t\t\t<div class=\"elementor-widget-wrap elementor-element-populated\">\n\t\t\t\t\t\t\t\t<div class=\"elementor-element elementor-element-5f96611a elementor-absolute animated-slow elementor-invisible elementor-widget elementor-widget-image\" data-id=\"5f96611a\" data-element_type=\"widget\" data-settings=\"{&quot;_position&quot;:&quot;absolute&quot;,&quot;motion_fx_motion_fx_mouse&quot;:&quot;yes&quot;,&quot;motion_fx_tilt_effect&quot;:&quot;yes&quot;,&quot;motion_fx_tilt_direction&quot;:&quot;negative&quot;,&quot;_animation&quot;:&quot;zoomInRight&quot;,&quot;_animation_delay&quot;:1000,&quot;motion_fx_tilt_speed&quot;:{&quot;unit&quot;:&quot;px&quot;,&quot;size&quot;:4,&quot;sizes&quot;:[]}}\" data-widget_type=\"image.default\">\n\t\t\t\t<div class=\"elementor-widget-container\">\n\t\t\t<style>\/*! elementor - v3.6.5 - 27-04-2022 *\/\n.elementor-widget-image{text-align:center}.elementor-widget-image a{display:inline-block}.elementor-widget-image a img[src$=\".svg\"]{width:48px}.elementor-widget-image img{vertical-align:middle;display:inline-block}<\/style>\t\t\t\t\t\t\t\t\t\t\t\t<img loading=\"lazy\" decoding=\"async\" width=\"752\" height=\"176\" src=\"https:\/\/www.espace-pergolas.com\/wp-content\/uploads\/2022\/04\/LOGO-ESPACE-PERGOLA-sans-fond-modif_0000_Polygone-1.png\" class=\"attachment-full size-full\" alt=\"\" srcset=\"https:\/\/www.espace-pergolas.com\/wp-content\/uploads\/2022\/04\/LOGO-ESPACE-PERGOLA-sans-fond-modif_0000_Polygone-1.png 752w, https:\/\/www.espace-pergolas.com\/wp-content\/uploads\/2022\/04\/LOGO-ESPACE-PERGOLA-sans-fond-modif_0000_Polygone-1-300x70.png 300w\" sizes=\"auto, (max-width: 752px) 100vw, 752px\" \/>\t\t\t\t\t\t\t\t\t\t\t\t\t\t\t<\/div>\n\t\t\t\t<\/div>\n\t\t\t\t<div class=\"elementor-element elementor-element-690a1b6b elementor-absolute animated-slow elementor-invisible elementor-widget elementor-widget-image\" data-id=\"690a1b6b\" data-element_type=\"widget\" data-settings=\"{&quot;_position&quot;:&quot;absolute&quot;,&quot;motion_fx_motion_fx_mouse&quot;:&quot;yes&quot;,&quot;motion_fx_mouseTrack_effect&quot;:&quot;yes&quot;,&quot;motion_fx_mouseTrack_direction&quot;:&quot;negative&quot;,&quot;motion_fx_mouseTrack_speed&quot;:{&quot;unit&quot;:&quot;px&quot;,&quot;size&quot;:0.02,&quot;sizes&quot;:[]},&quot;_animation&quot;:&quot;fadeInDown&quot;,&quot;_animation_delay&quot;:200}\" data-widget_type=\"image.default\">\n\t\t\t\t<div class=\"elementor-widget-container\">\n\t\t\t\t\t\t\t\t\t\t\t\t\t\t\t<img loading=\"lazy\" decoding=\"async\" width=\"825\" height=\"545\" src=\"https:\/\/www.espace-pergolas.com\/wp-content\/uploads\/2022\/05\/globe-gris_0003_Forme-2.png\" class=\"attachment-full size-full\" alt=\"\" srcset=\"https:\/\/www.espace-pergolas.com\/wp-content\/uploads\/2022\/05\/globe-gris_0003_Forme-2.png 825w, https:\/\/www.espace-pergolas.com\/wp-content\/uploads\/2022\/05\/globe-gris_0003_Forme-2-300x198.png 300w, https:\/\/www.espace-pergolas.com\/wp-content\/uploads\/2022\/05\/globe-gris_0003_Forme-2-768x507.png 768w\" sizes=\"auto, (max-width: 825px) 100vw, 825px\" \/>\t\t\t\t\t\t\t\t\t\t\t\t\t\t\t<\/div>\n\t\t\t\t<\/div>\n\t\t\t\t<div class=\"elementor-element elementor-element-592e5f5f elementor-absolute animated-slow elementor-invisible elementor-widget elementor-widget-image\" data-id=\"592e5f5f\" data-element_type=\"widget\" data-settings=\"{&quot;_position&quot;:&quot;absolute&quot;,&quot;motion_fx_motion_fx_mouse&quot;:&quot;yes&quot;,&quot;motion_fx_mouseTrack_effect&quot;:&quot;yes&quot;,&quot;motion_fx_mouseTrack_speed&quot;:{&quot;unit&quot;:&quot;px&quot;,&quot;size&quot;:0.05,&quot;sizes&quot;:[]},&quot;_animation&quot;:&quot;fadeInLeft&quot;,&quot;_animation_delay&quot;:500}\" data-widget_type=\"image.default\">\n\t\t\t\t<div class=\"elementor-widget-container\">\n\t\t\t\t\t\t\t\t\t\t\t\t\t\t\t<img loading=\"lazy\" decoding=\"async\" width=\"252\" height=\"45\" src=\"https:\/\/www.espace-pergolas.com\/wp-content\/uploads\/2022\/04\/LOGO-ESPACE-PERGOLA-sans-fond-modif_0001_ESPACE.png\" class=\"attachment-full size-full\" alt=\"\" \/>\t\t\t\t\t\t\t\t\t\t\t\t\t\t\t<\/div>\n\t\t\t\t<\/div>\n\t\t\t\t\t<\/div>\n\t\t<\/div>\n\t\t\t\t\t\t\t<\/div>\n\t\t<\/section>\n\t\t\t\t<section class=\"elementor-section elementor-top-section elementor-element elementor-element-604c3001 elementor-section-boxed elementor-section-height-default elementor-section-height-default\" data-id=\"604c3001\" data-element_type=\"section\">\n\t\t\t\t\t\t<div class=\"elementor-container elementor-column-gap-default\">\n\t\t\t\t\t<div class=\"elementor-column elementor-col-100 elementor-top-column elementor-element elementor-element-7ae17367\" data-id=\"7ae17367\" data-element_type=\"column\">\n\t\t\t<div class=\"elementor-widget-wrap elementor-element-populated\">\n\t\t\t\t\t\t\t\t<div class=\"elementor-element elementor-element-5723a549 elementor-widget elementor-widget-heading\" data-id=\"5723a549\" data-element_type=\"widget\" data-widget_type=\"heading.default\">\n\t\t\t\t<div class=\"elementor-widget-container\">\n\t\t\t<style>\/*! elementor - v3.6.5 - 27-04-2022 *\/\n.elementor-heading-title{padding:0;margin:0;line-height:1}.elementor-widget-heading .elementor-heading-title[class*=elementor-size-]>a{color:inherit;font-size:inherit;line-height:inherit}.elementor-widget-heading .elementor-heading-title.elementor-size-small{font-size:15px}.elementor-widget-heading .elementor-heading-title.elementor-size-medium{font-size:19px}.elementor-widget-heading .elementor-heading-title.elementor-size-large{font-size:29px}.elementor-widget-heading .elementor-heading-title.elementor-size-xl{font-size:39px}.elementor-widget-heading .elementor-heading-title.elementor-size-xxl{font-size:59px}<\/style><h2 class=\"elementor-heading-title elementor-size-default\">Le carport : qu'est ce que c'est ?<\/h2>\t\t<\/div>\n\t\t\t\t<\/div>\n\t\t\t\t<div class=\"elementor-element elementor-element-550e82cb elementor-widget elementor-widget-image\" data-id=\"550e82cb\" data-element_type=\"widget\" data-widget_type=\"image.default\">\n\t\t\t\t<div class=\"elementor-widget-container\">\n\t\t\t\t\t\t\t\t\t\t\t\t\t\t\t<img loading=\"lazy\" decoding=\"async\" width=\"1024\" height=\"576\" src=\"https:\/\/www.espace-pergolas.com\/wp-content\/uploads\/2022\/05\/HELIOCAR_COSYWEE_3-1024x576.jpg\" class=\"attachment-large size-large\" alt=\"Carport (panneau sandwish)\" srcset=\"https:\/\/www.espace-pergolas.com\/wp-content\/uploads\/2022\/05\/HELIOCAR_COSYWEE_3-1024x576.jpg 1024w, https:\/\/www.espace-pergolas.com\/wp-content\/uploads\/2022\/05\/HELIOCAR_COSYWEE_3-300x169.jpg 300w, https:\/\/www.espace-pergolas.com\/wp-content\/uploads\/2022\/05\/HELIOCAR_COSYWEE_3-768x432.jpg 768w, https:\/\/www.espace-pergolas.com\/wp-content\/uploads\/2022\/05\/HELIOCAR_COSYWEE_3.jpg 1181w\" sizes=\"auto, (max-width: 1024px) 100vw, 1024px\" \/>\t\t\t\t\t\t\t\t\t\t\t\t\t\t\t<\/div>\n\t\t\t\t<\/div>\n\t\t\t\t<div class=\"elementor-element elementor-element-1c9b1f1f elementor-widget elementor-widget-text-editor\" data-id=\"1c9b1f1f\" data-element_type=\"widget\" data-widget_type=\"text-editor.default\">\n\t\t\t\t<div class=\"elementor-widget-container\">\n\t\t\t<style>\/*! elementor - v3.6.5 - 27-04-2022 *\/\n.elementor-widget-text-editor.elementor-drop-cap-view-stacked .elementor-drop-cap{background-color:#818a91;color:#fff}.elementor-widget-text-editor.elementor-drop-cap-view-framed .elementor-drop-cap{color:#818a91;border:3px solid;background-color:transparent}.elementor-widget-text-editor:not(.elementor-drop-cap-view-default) .elementor-drop-cap{margin-top:8px}.elementor-widget-text-editor:not(.elementor-drop-cap-view-default) .elementor-drop-cap-letter{width:1em;height:1em}.elementor-widget-text-editor .elementor-drop-cap{float:left;text-align:center;line-height:1;font-size:50px}.elementor-widget-text-editor .elementor-drop-cap-letter{display:inline-block}<\/style>\t\t\t\t<p>Un carport est une structure qui abrite une voiture, une moto, un camping-car ou tout autre v\u00e9hicule, le prot\u00e9geant ainsi des intemp\u00e9ries. Un garage est similaire \u00e0 une pergola de voiture, en fait il n&#8217;a pas de murs. Ce sont les 4 piliers qui soutiennent le toit. Il peut \u00e9galement \u00eatre vu avec seulement 2 poteaux et diff\u00e9rentes tailles. Tr\u00e8s a\u00e9r\u00e9 et donc libre de circuler autour de la voiture.<\/p>\t\t\t\t\t\t<\/div>\n\t\t\t\t<\/div>\n\t\t\t\t\t<\/div>\n\t\t<\/div>\n\t\t\t\t\t\t\t<\/div>\n\t\t<\/section>\n\t\t\t\t<section class=\"elementor-section elementor-top-section elementor-element elementor-element-46f0c7bf elementor-section-boxed elementor-section-height-default elementor-section-height-default\" data-id=\"46f0c7bf\" data-element_type=\"section\">\n\t\t\t\t\t\t<div class=\"elementor-container elementor-column-gap-default\">\n\t\t\t\t\t<div class=\"elementor-column elementor-col-100 elementor-top-column elementor-element elementor-element-14e7f85d\" data-id=\"14e7f85d\" data-element_type=\"column\">\n\t\t\t<div class=\"elementor-widget-wrap elementor-element-populated\">\n\t\t\t\t\t\t\t\t<div class=\"elementor-element elementor-element-e19b00d elementor-widget elementor-widget-heading\" data-id=\"e19b00d\" data-element_type=\"widget\" data-widget_type=\"heading.default\">\n\t\t\t\t<div class=\"elementor-widget-container\">\n\t\t\t<h2 class=\"elementor-heading-title elementor-size-default\">Votre carport avec Espace Pergola<\/h2>\t\t<\/div>\n\t\t\t\t<\/div>\n\t\t\t\t<div class=\"elementor-element elementor-element-3e1275a5 elementor-widget elementor-widget-image\" data-id=\"3e1275a5\" data-element_type=\"widget\" data-widget_type=\"image.default\">\n\t\t\t\t<div class=\"elementor-widget-container\">\n\t\t\t\t\t\t\t\t\t\t\t\t\t\t\t<img loading=\"lazy\" decoding=\"async\" width=\"1024\" height=\"576\" src=\"https:\/\/www.espace-pergolas.com\/wp-content\/uploads\/2022\/05\/HELIOCAR_COSYWEE_1-1024x576.jpg\" class=\"attachment-large size-large\" alt=\"\" srcset=\"https:\/\/www.espace-pergolas.com\/wp-content\/uploads\/2022\/05\/HELIOCAR_COSYWEE_1-1024x576.jpg 1024w, https:\/\/www.espace-pergolas.com\/wp-content\/uploads\/2022\/05\/HELIOCAR_COSYWEE_1-300x169.jpg 300w, https:\/\/www.espace-pergolas.com\/wp-content\/uploads\/2022\/05\/HELIOCAR_COSYWEE_1-768x432.jpg 768w, https:\/\/www.espace-pergolas.com\/wp-content\/uploads\/2022\/05\/HELIOCAR_COSYWEE_1.jpg 1181w\" sizes=\"auto, (max-width: 1024px) 100vw, 1024px\" \/>\t\t\t\t\t\t\t\t\t\t\t\t\t\t\t<\/div>\n\t\t\t\t<\/div>\n\t\t\t\t<div class=\"elementor-element elementor-element-1768c0f5 elementor-widget elementor-widget-text-editor\" data-id=\"1768c0f5\" data-element_type=\"widget\" data-widget_type=\"text-editor.default\">\n\t\t\t\t<div class=\"elementor-widget-container\">\n\t\t\t\t\t\t\t<p>Abris France Carport propose une vari\u00e9t\u00e9 de carports. Pour vous offrir un carport de qualit\u00e9 et tr\u00e8s r\u00e9sistant, la structure de la pergola pour voiture est en aluminium et son toit est en polycarbonate r\u00e9sistant \u00e0 la chaleur. Choisissez du polycarbonate r\u00e9sistant \u00e0 la chaleur pour une r\u00e9sistance optimale \u00e0 tous les \u00e9l\u00e9ments. En effet, ce dernier est 250 fois plus r\u00e9sistant \u00e0 la chaleur que le verre et peut \u00e9galement r\u00e9duire la chaleur int\u00e9rieure jusqu&#8217;\u00e0 -17\u00b0. Ensuite, m\u00eame en \u00e9t\u00e9, de nouveaux v\u00e9hicules peuvent \u00eatre trouv\u00e9s tout au long de l&#8217;ann\u00e9e. La carrosserie sera \u00e9galement prot\u00e9g\u00e9e contre les UV et notre toit, unique en France, r\u00e9duit la chaleur de 83 %.<\/p>\t\t\t\t\t\t<\/div>\n\t\t\t\t<\/div>\n\t\t\t\t\t<\/div>\n\t\t<\/div>\n\t\t\t\t\t\t\t<\/div>\n\t\t<\/section>\n\t\t\t\t<section class=\"elementor-section elementor-top-section elementor-element elementor-element-6f6b43ed elementor-section-boxed elementor-section-height-default elementor-section-height-default\" data-id=\"6f6b43ed\" data-element_type=\"section\" data-settings=\"{&quot;background_background&quot;:&quot;classic&quot;}\">\n\t\t\t\t\t\t<div class=\"elementor-container elementor-column-gap-default\">\n\t\t\t\t\t<div class=\"elementor-column elementor-col-100 elementor-top-column elementor-element elementor-element-621928b5\" data-id=\"621928b5\" data-element_type=\"column\">\n\t\t\t<div class=\"elementor-widget-wrap elementor-element-populated\">\n\t\t\t\t\t\t\t\t<div class=\"elementor-element elementor-element-18987fda elementor-arrows-position-inside elementor-pagination-position-outside elementor-widget elementor-widget-image-carousel\" data-id=\"18987fda\" data-element_type=\"widget\" data-settings=\"{&quot;slides_to_show&quot;:&quot;4&quot;,&quot;navigation&quot;:&quot;both&quot;,&quot;autoplay&quot;:&quot;yes&quot;,&quot;pause_on_hover&quot;:&quot;yes&quot;,&quot;pause_on_interaction&quot;:&quot;yes&quot;,&quot;autoplay_speed&quot;:5000,&quot;infinite&quot;:&quot;yes&quot;,&quot;speed&quot;:500}\" data-widget_type=\"image-carousel.default\">\n\t\t\t\t<div class=\"elementor-widget-container\">\n\t\t\t<style>\/*! elementor - v3.6.5 - 27-04-2022 *\/\n.elementor-widget-image-carousel .swiper-container{position:static}.elementor-widget-image-carousel .swiper-container .swiper-slide figure{line-height:inherit}.elementor-widget-image-carousel .swiper-slide{text-align:center}.elementor-image-carousel-wrapper:not(.swiper-container-initialized) .swiper-slide{max-width:calc(100% \/ var(--e-image-carousel-slides-to-show, 3))}<\/style>\t\t<div class=\"elementor-image-carousel-wrapper swiper-container\" dir=\"ltr\">\n\t\t\t<div class=\"elementor-image-carousel swiper-wrapper\">\n\t\t\t\t\t\t\t\t<div class=\"swiper-slide\"><figure class=\"swiper-slide-inner\"><img decoding=\"async\" class=\"swiper-slide-image\" src=\"https:\/\/www.espace-pergolas.com\/wp-content\/uploads\/2022\/05\/espace-pergola-bioclimatique-terrasse-300x182.png\" alt=\"pergola sur terrasse adoss\u00e9e\" \/><\/figure><\/div><div class=\"swiper-slide\"><figure class=\"swiper-slide-inner\"><img decoding=\"async\" class=\"swiper-slide-image\" src=\"https:\/\/www.espace-pergolas.com\/wp-content\/uploads\/2022\/05\/espace-pergola-bioclimatique-piscine-300x181.png\" alt=\"piscine avec pergola bioclimatique magnifique\" \/><\/figure><\/div><div class=\"swiper-slide\"><figure class=\"swiper-slide-inner\"><img decoding=\"async\" class=\"swiper-slide-image\" src=\"https:\/\/www.espace-pergolas.com\/wp-content\/uploads\/2022\/05\/espace-pergola-store-hotizontal-300x182.png\" alt=\"abritez avec un store le toit de votre pergola\" \/><\/figure><\/div><div class=\"swiper-slide\"><figure class=\"swiper-slide-inner\"><img decoding=\"async\" class=\"swiper-slide-image\" src=\"https:\/\/www.espace-pergolas.com\/wp-content\/uploads\/2022\/05\/pergola-jardin-de-printemps-espace-pergola-300x182.png\" alt=\"superbe pergola haut de gamme ferm\u00e9e\" \/><\/figure><\/div><div class=\"swiper-slide\"><figure class=\"swiper-slide-inner\"><img decoding=\"async\" class=\"swiper-slide-image\" src=\"https:\/\/www.espace-pergolas.com\/wp-content\/uploads\/2022\/05\/espace-pergola-bioclimatique-nuit-300x181.png\" alt=\"espace pergola bioclimatique nuit adoss\u00e9e\" \/><\/figure><\/div><div class=\"swiper-slide\"><figure class=\"swiper-slide-inner\"><img decoding=\"async\" class=\"swiper-slide-image\" src=\"https:\/\/www.espace-pergolas.com\/wp-content\/uploads\/2022\/05\/espace-pergola-toile-300x182.png\" alt=\"pergola adoss\u00e9e toile\" \/><\/figure><\/div>\t\t\t<\/div>\n\t\t\t\t\t\t\t\t\t\t\t\t<div class=\"swiper-pagination\"><\/div>\n\t\t\t\t\t\t\t\t\t\t\t\t\t<div class=\"elementor-swiper-button elementor-swiper-button-prev\">\n\t\t\t\t\t\t<i aria-hidden=\"true\" class=\"eicon-chevron-left\"><\/i>\t\t\t\t\t\t<span class=\"elementor-screen-only\">Previous<\/span>\n\t\t\t\t\t<\/div>\n\t\t\t\t\t<div class=\"elementor-swiper-button elementor-swiper-button-next\">\n\t\t\t\t\t\t<i aria-hidden=\"true\" class=\"eicon-chevron-right\"><\/i>\t\t\t\t\t\t<span class=\"elementor-screen-only\">Next<\/span>\n\t\t\t\t\t<\/div>\n\t\t\t\t\t\t\t\t\t<\/div>\n\t\t\t\t<\/div>\n\t\t\t\t<\/div>\n\t\t\t\t\t<\/div>\n\t\t<\/div>\n\t\t\t\t\t\t\t<\/div>\n\t\t<\/section>\n\t\t\t\t<section class=\"elementor-section elementor-top-section elementor-element elementor-element-50b7aaa3 elementor-section-boxed elementor-section-height-default elementor-section-height-default\" data-id=\"50b7aaa3\" data-element_type=\"section\">\n\t\t\t\t\t\t<div class=\"elementor-container elementor-column-gap-default\">\n\t\t\t\t\t<div class=\"elementor-column elementor-col-100 elementor-top-column elementor-element elementor-element-398bb5cb\" data-id=\"398bb5cb\" data-element_type=\"column\">\n\t\t\t<div class=\"elementor-widget-wrap elementor-element-populated\">\n\t\t\t\t\t\t\t\t<div class=\"elementor-element elementor-element-22757dda elementor-button-info elementor-align-center elementor-widget elementor-widget-button\" data-id=\"22757dda\" data-element_type=\"widget\" data-widget_type=\"button.default\">\n\t\t\t\t<div class=\"elementor-widget-container\">\n\t\t\t\t\t<div class=\"elementor-button-wrapper\">\n\t\t\t<a href=\"http:\/\/www.espace-pergolas.com\/index.php\/contact-2\/\" class=\"elementor-button-link elementor-button elementor-size-md elementor-animation-pulse\" role=\"button\">\n\t\t\t\t\t\t<span class=\"elementor-button-content-wrapper\">\n\t\t\t\t\t\t<span class=\"elementor-button-text\">Contactez-nous !<\/span>\n\t\t<\/span>\n\t\t\t\t\t<\/a>\n\t\t<\/div>\n\t\t\t\t<\/div>\n\t\t\t\t<\/div>\n\t\t\t\t\t<\/div>\n\t\t<\/div>\n\t\t\t\t\t\t\t<\/div>\n\t\t<\/section>\n\t\t\t\t\t\t\t<\/div>\n\t\t","protected":false},"excerpt":{"rendered":"<p>Le carport : qu&#8217;est ce que c&#8217;est ? Un carport est une structure qui abrite une voiture, une moto, un camping-car ou tout autre v\u00e9hicule, le prot\u00e9geant ainsi des intemp\u00e9ries. Un garage est similaire \u00e0 une pergola de voiture, en fait il n&#8217;a pas de murs. Ce sont les 4 piliers qui soutiennent le toit. &hellip;<\/p>\n<p class=\"read-more\"> <a class=\"\" href=\"https:\/\/www.espace-pergolas.com\/index.php\/pergola-carport\/\"> <span class=\"screen-reader-text\">Pergola carport<\/span> Read More &raquo;<\/a><\/p>\n","protected":false},"author":1,"featured_media":0,"parent":0,"menu_order":0,"comment_status":"closed","ping_status":"closed","template":"","meta":{"site-sidebar-layout":"no-sidebar","site-content-layout":"page-builder","ast-main-header-display":"","ast-hfb-above-header-display":"","ast-hfb-below-header-display":"","ast-hfb-mobile-header-display":"","site-post-title":"disabled","ast-breadcrumbs-content":"","ast-featured-img":"disabled","footer-sml-layout":"","theme-transparent-header-meta":"","adv-header-id-meta":"","stick-header-meta":"","header-above-stick-meta":"","header-main-stick-meta":"","header-below-stick-meta":"","footnotes":""},"class_list":["post-2413","page","type-page","status-publish","hentry"],"yoast_head":"<!-- This site is optimized with the Yoast SEO plugin v18.8 - https:\/\/yoast.com\/wordpress\/plugins\/seo\/ -->\n<title>Pergola carport - Espace PERGOLA<\/title>\n<meta name=\"robots\" content=\"index, follow, max-snippet:-1, max-image-preview:large, max-video-preview:-1\" \/>\n<link rel=\"canonical\" href=\"https:\/\/www.espace-pergolas.com\/index.php\/pergola-carport\/\" \/>\n<meta property=\"og:locale\" content=\"en_US\" \/>\n<meta property=\"og:type\" content=\"article\" \/>\n<meta property=\"og:title\" content=\"Pergola carport - Espace PERGOLA\" \/>\n<meta property=\"og:description\" content=\"Le carport : qu&#8217;est ce que c&#8217;est ? Un carport est une structure qui abrite une voiture, une moto, un camping-car ou tout autre v\u00e9hicule, le prot\u00e9geant ainsi des intemp\u00e9ries. Un garage est similaire \u00e0 une pergola de voiture, en fait il n&#8217;a pas de murs. Ce sont les 4 piliers qui soutiennent le toit. &hellip; Pergola carport Read More &raquo;\" \/>\n<meta property=\"og:url\" content=\"https:\/\/www.espace-pergolas.com\/index.php\/pergola-carport\/\" \/>\n<meta property=\"og:site_name\" content=\"Espace PERGOLA\" \/>\n<meta property=\"article:modified_time\" content=\"2022-05-25T12:58:39+00:00\" \/>\n<meta property=\"og:image\" content=\"http:\/\/www.espace-pergolas.com\/wp-content\/uploads\/2022\/04\/LOGO-ESPACE-PERGOLA-sans-fond-modif_0000_Polygone-1.png\" \/>\n<meta name=\"twitter:card\" content=\"summary_large_image\" \/>\n<meta name=\"twitter:label1\" content=\"Est. reading time\" \/>\n\t<meta name=\"twitter:data1\" content=\"5 minutes\" \/>\n<script type=\"application\/ld+json\" class=\"yoast-schema-graph\">{\"@context\":\"https:\/\/schema.org\",\"@graph\":[{\"@type\":\"WebSite\",\"@id\":\"https:\/\/www.espace-pergolas.com\/#website\",\"url\":\"https:\/\/www.espace-pergolas.com\/\",\"name\":\"Espace PERGOLA\",\"description\":\"Votre projet s&#039;illumine\",\"potentialAction\":[{\"@type\":\"SearchAction\",\"target\":{\"@type\":\"EntryPoint\",\"urlTemplate\":\"https:\/\/www.espace-pergolas.com\/?s={search_term_string}\"},\"query-input\":\"required name=search_term_string\"}],\"inLanguage\":\"en-US\"},{\"@type\":\"ImageObject\",\"inLanguage\":\"en-US\",\"@id\":\"https:\/\/www.espace-pergolas.com\/index.php\/pergola-carport\/#primaryimage\",\"url\":\"https:\/\/www.espace-pergolas.com\/wp-content\/uploads\/2022\/04\/LOGO-ESPACE-PERGOLA-sans-fond-modif_0000_Polygone-1.png\",\"contentUrl\":\"https:\/\/www.espace-pergolas.com\/wp-content\/uploads\/2022\/04\/LOGO-ESPACE-PERGOLA-sans-fond-modif_0000_Polygone-1.png\",\"width\":752,\"height\":176},{\"@type\":\"WebPage\",\"@id\":\"https:\/\/www.espace-pergolas.com\/index.php\/pergola-carport\/#webpage\",\"url\":\"https:\/\/www.espace-pergolas.com\/index.php\/pergola-carport\/\",\"name\":\"Pergola carport - Espace PERGOLA\",\"isPartOf\":{\"@id\":\"https:\/\/www.espace-pergolas.com\/#website\"},\"primaryImageOfPage\":{\"@id\":\"https:\/\/www.espace-pergolas.com\/index.php\/pergola-carport\/#primaryimage\"},\"datePublished\":\"2022-05-19T14:48:26+00:00\",\"dateModified\":\"2022-05-25T12:58:39+00:00\",\"breadcrumb\":{\"@id\":\"https:\/\/www.espace-pergolas.com\/index.php\/pergola-carport\/#breadcrumb\"},\"inLanguage\":\"en-US\",\"potentialAction\":[{\"@type\":\"ReadAction\",\"target\":[\"https:\/\/www.espace-pergolas.com\/index.php\/pergola-carport\/\"]}]},{\"@type\":\"BreadcrumbList\",\"@id\":\"https:\/\/www.espace-pergolas.com\/index.php\/pergola-carport\/#breadcrumb\",\"itemListElement\":[{\"@type\":\"ListItem\",\"position\":1,\"name\":\"Accueil\",\"item\":\"https:\/\/www.espace-pergolas.com\/\"},{\"@type\":\"ListItem\",\"position\":2,\"name\":\"Pergola carport\"}]}]}<\/script>\n<!-- \/ Yoast SEO plugin. -->","yoast_head_json":{"title":"Pergola carport - Espace PERGOLA","robots":{"index":"index","follow":"follow","max-snippet":"max-snippet:-1","max-image-preview":"max-image-preview:large","max-video-preview":"max-video-preview:-1"},"canonical":"https:\/\/www.espace-pergolas.com\/index.php\/pergola-carport\/","og_locale":"en_US","og_type":"article","og_title":"Pergola carport - Espace PERGOLA","og_description":"Le carport : qu&#8217;est ce que c&#8217;est ? Un carport est une structure qui abrite une voiture, une moto, un camping-car ou tout autre v\u00e9hicule, le prot\u00e9geant ainsi des intemp\u00e9ries. Un garage est similaire \u00e0 une pergola de voiture, en fait il n&#8217;a pas de murs. Ce sont les 4 piliers qui soutiennent le toit. &hellip; Pergola carport Read More &raquo;","og_url":"https:\/\/www.espace-pergolas.com\/index.php\/pergola-carport\/","og_site_name":"Espace PERGOLA","article_modified_time":"2022-05-25T12:58:39+00:00","og_image":[{"url":"http:\/\/www.espace-pergolas.com\/wp-content\/uploads\/2022\/04\/LOGO-ESPACE-PERGOLA-sans-fond-modif_0000_Polygone-1.png"}],"twitter_card":"summary_large_image","twitter_misc":{"Est. reading time":"5 minutes"},"schema":{"@context":"https:\/\/schema.org","@graph":[{"@type":"WebSite","@id":"https:\/\/www.espace-pergolas.com\/#website","url":"https:\/\/www.espace-pergolas.com\/","name":"Espace PERGOLA","description":"Votre projet s&#039;illumine","potentialAction":[{"@type":"SearchAction","target":{"@type":"EntryPoint","urlTemplate":"https:\/\/www.espace-pergolas.com\/?s={search_term_string}"},"query-input":"required name=search_term_string"}],"inLanguage":"en-US"},{"@type":"ImageObject","inLanguage":"en-US","@id":"https:\/\/www.espace-pergolas.com\/index.php\/pergola-carport\/#primaryimage","url":"https:\/\/www.espace-pergolas.com\/wp-content\/uploads\/2022\/04\/LOGO-ESPACE-PERGOLA-sans-fond-modif_0000_Polygone-1.png","contentUrl":"https:\/\/www.espace-pergolas.com\/wp-content\/uploads\/2022\/04\/LOGO-ESPACE-PERGOLA-sans-fond-modif_0000_Polygone-1.png","width":752,"height":176},{"@type":"WebPage","@id":"https:\/\/www.espace-pergolas.com\/index.php\/pergola-carport\/#webpage","url":"https:\/\/www.espace-pergolas.com\/index.php\/pergola-carport\/","name":"Pergola carport - Espace PERGOLA","isPartOf":{"@id":"https:\/\/www.espace-pergolas.com\/#website"},"primaryImageOfPage":{"@id":"https:\/\/www.espace-pergolas.com\/index.php\/pergola-carport\/#primaryimage"},"datePublished":"2022-05-19T14:48:26+00:00","dateModified":"2022-05-25T12:58:39+00:00","breadcrumb":{"@id":"https:\/\/www.espace-pergolas.com\/index.php\/pergola-carport\/#breadcrumb"},"inLanguage":"en-US","potentialAction":[{"@type":"ReadAction","target":["https:\/\/www.espace-pergolas.com\/index.php\/pergola-carport\/"]}]},{"@type":"BreadcrumbList","@id":"https:\/\/www.espace-pergolas.com\/index.php\/pergola-carport\/#breadcrumb","itemListElement":[{"@type":"ListItem","position":1,"name":"Accueil","item":"https:\/\/www.espace-pergolas.com\/"},{"@type":"ListItem","position":2,"name":"Pergola carport"}]}]}},"_links":{"self":[{"href":"https:\/\/www.espace-pergolas.com\/index.php\/wp-json\/wp\/v2\/pages\/2413","targetHints":{"allow":["GET"]}}],"collection":[{"href":"https:\/\/www.espace-pergolas.com\/index.php\/wp-json\/wp\/v2\/pages"}],"about":[{"href":"https:\/\/www.espace-pergolas.com\/index.php\/wp-json\/wp\/v2\/types\/page"}],"author":[{"embeddable":true,"href":"https:\/\/www.espace-pergolas.com\/index.php\/wp-json\/wp\/v2\/users\/1"}],"replies":[{"embeddable":true,"href":"https:\/\/www.espace-pergolas.com\/index.php\/wp-json\/wp\/v2\/comments?post=2413"}],"version-history":[{"count":16,"href":"https:\/\/www.espace-pergolas.com\/index.php\/wp-json\/wp\/v2\/pages\/2413\/revisions"}],"predecessor-version":[{"id":2897,"href":"https:\/\/www.espace-pergolas.com\/index.php\/wp-json\/wp\/v2\/pages\/2413\/revisions\/2897"}],"wp:attachment":[{"href":"https:\/\/www.espace-pergolas.com\/index.php\/wp-json\/wp\/v2\/media?parent=2413"}],"curies":[{"name":"wp","href":"https:\/\/api.w.org\/{rel}","templated":true}]}}